{"id":6,"date":"2020-01-19T17:11:29","date_gmt":"2020-01-19T17:11:29","guid":{"rendered":"http:\/\/markus-liebl.bayern\/?page_id=6"},"modified":"2020-02-09T10:02:42","modified_gmt":"2020-02-09T10:02:42","slug":"ueber-mich","status":"publish","type":"page","link":"https:\/\/markus-liebl.bayern\/?page_id=6","title":{"rendered":"\u00dcber mich"},"content":{"rendered":"\r\n<figure class=\"wp-block-image size-large\"><img decoding=\"async\" loading=\"lazy\" width=\"683\" height=\"1024\" class=\"wp-image-79\" src=\"http:\/\/markus-liebl.bayern\/wp-content\/uploads\/2020\/02\/DSC_3762-683x1024.jpg\" alt=\"\" srcset=\"https:\/\/markus-liebl.bayern\/wp-content\/uploads\/2020\/02\/DSC_3762-683x1024.jpg 683w, https:\/\/markus-liebl.bayern\/wp-content\/uploads\/2020\/02\/DSC_3762-200x300.jpg 200w, https:\/\/markus-liebl.bayern\/wp-content\/uploads\/2020\/02\/DSC_3762-768x1151.jpg 768w, https:\/\/markus-liebl.bayern\/wp-content\/uploads\/2020\/02\/DSC_3762-1025x1536.jpg 1025w, https:\/\/markus-liebl.bayern\/wp-content\/uploads\/2020\/02\/DSC_3762-1367x2048.jpg 1367w, https:\/\/markus-liebl.bayern\/wp-content\/uploads\/2020\/02\/DSC_3762-scaled.jpg 1709w\" sizes=\"(max-width: 683px) 100vw, 683px\" \/><\/figure>\r\n\r\n\r\n\r\n<p>Markus Liebl, 54, Jahre; vh; 3 Ki;<\/p>\r\n<p>Hobbies: Fu\u00dfball und Schafkopf<\/p>\r\n\r\n\r\n\r\n\r\n\r\n<p>Beruf: Gesch\u00e4ftsleiter der Gemeinde Waakirchen und Landwirt,<\/p>\r\n\r\n\r\n\r\n\r\n\r\n<p>Berufl. Werdegang: 1986 Abitur, 15 Monate Grundwehrdienst, danach Studium an der Beamtenfachhochschule M\u00fcnchen, Fachbereich Sozialrecht (gab es damals noch), Abschlu\u00df als Dipl. Verwaltungswirt (FH), anschlie\u00dfend noch bis Juni 1991 als Sachbearbeiter t\u00e4tig. Seit Juli 1991 arbeite ich in meiner Heimatgemeinde als Verwaltungsbeamter in f\u00fchrender Position, zuletzt jetzt als Gesch\u00e4ftsleiter.<\/p>\r\n<p>Unseren Hof in Riedern bewirtschafte ich im Nebenerwerb extensiv mit Ochsenmast und Pensionrindern.<\/p>\r\n\r\n\r\n\r\n<p>&nbsp;<\/p>\r\n","protected":false},"excerpt":{"rendered":"<p>Markus Liebl, 54, Jahre; vh; 3 Ki; Hobbies: Fu\u00dfball und Schafkopf Beruf: Gesch\u00e4ftsleiter der Gemeinde Waakirchen und Landwirt, Berufl. Werdegang: 1986 Abitur, 15 Monate Grundwehrdienst, danach Studium an der Beamtenfachhochschule M\u00fcnchen, Fachbereich Sozialrecht (gab es damals noch), Abschlu\u00df als Dipl. Verwaltungswirt (FH), anschlie\u00dfend noch bis Juni 1991 als Sachbearbeiter t\u00e4tig. Seit Juli 1991 arbeite ich &hellip; <\/p>\n<p class=\"link-more\"><a href=\"https:\/\/markus-liebl.bayern\/?page_id=6\" class=\"more-link\"><span class=\"screen-reader-text\">\u201e\u00dcber mich\u201c<\/span> weiterlesen<\/a><\/p>\n","protected":false},"author":1,"featured_media":58,"parent":0,"menu_order":0,"comment_status":"closed","ping_status":"closed","template":"","meta":[],"_links":{"self":[{"href":"https:\/\/markus-liebl.bayern\/index.php?rest_route=\/wp\/v2\/pages\/6"}],"collection":[{"href":"https:\/\/markus-liebl.bayern\/index.php?rest_route=\/wp\/v2\/pages"}],"about":[{"href":"https:\/\/markus-liebl.bayern\/index.php?rest_route=\/wp\/v2\/types\/page"}],"author":[{"embeddable":true,"href":"https:\/\/markus-liebl.bayern\/index.php?rest_route=\/wp\/v2\/users\/1"}],"replies":[{"embeddable":true,"href":"https:\/\/markus-liebl.bayern\/index.php?rest_route=%2Fwp%2Fv2%2Fcomments&post=6"}],"version-history":[{"count":8,"href":"https:\/\/markus-liebl.bayern\/index.php?rest_route=\/wp\/v2\/pages\/6\/revisions"}],"predecessor-version":[{"id":116,"href":"https:\/\/markus-liebl.bayern\/index.php?rest_route=\/wp\/v2\/pages\/6\/revisions\/116"}],"wp:featuredmedia":[{"embeddable":true,"href":"https:\/\/markus-liebl.bayern\/index.php?rest_route=\/wp\/v2\/media\/58"}],"wp:attachment":[{"href":"https:\/\/markus-liebl.bayern\/index.php?rest_route=%2Fwp%2Fv2%2Fmedia&parent=6"}],"curies":[{"name":"wp","href":"https:\/\/api.w.org\/{rel}","templated":true}]}}